/g)/(2/(-60)) is divided by 4.
3
Let u(h) = h**3 - 6*h**2 + 5*h + 4. Let j be u(5). Suppose 0*c - j*c + 84 = 0. What is the remainder when c is divided by 8?
5
Let k = 59 + -19. Let w = -15 - -35. Suppose w - 82 = -3*r + 4*d, 0 = -2*r - d + 23. Calculate the remainder when k is divided by r.
12
Suppose j - 2*g - 1 = 13, 4*g = 3*j - 38. What is the remainder when 49 is divided by j?
9
Suppose -w = -4*w + 6. Suppose 2*v = l - 2*v - 2, 4*l = 2*v + 8. Suppose 4*a - 6 = -l*u, -2 - 2 = -4*u. Calculate the remainder when w is divided by a.
0
Let i(b) = b + 1. Let v be i(3). Suppose -14 = -5*f + 4*n, 3*n = -v*f - 0*n + 5. Suppose -f*l + 6 = -12. What is the remainder when 25 is divided by l?
7
Let u(a) = -2*a - 12. What is the remainder when u(-11) is divided by 4?
2
Suppose 10*q = -2*q + 1284. Let p(r) = -2*r**3 + 2*r**2 - 3*r - 3. What is the remainder when q is divided by p(-2)?
26
Suppose -3*z - 5*n + 0*n - 4 = 0, -5*n - 25 = 0. Let l = -62 - -74. What is the remainder when l is divided by z?
5
Let n(i) = -6*i - 1. Let m be n(-2). Let k = -6 + m. Let l = 8 - k. What is the remainder when l is divided by 2?
1
Let a(i) = -i**2 + 49. Suppose -4*t + 75 = -4*c + 11, 0 = -t + 4*c + 13. What is the remainder when a(0) is divided by t?
15
What is the remainder when (-2)/(-3)*741/26 is divided by 4?
3
Suppose 3*g = -3*y - 12, 2*g = 3*y + 2*y + 20. Suppose b - 13 - 2 = g. Calculate the remainder when b is divided by 8.
7
Suppose 4*l - 7*l = -12. Suppose 2*y - v = 130, -l*v + 44 = y - 3. Calculate the remainder when y is divided by 22.
19
Let v be (-3 + -7)*2/2. Let y = v - -19. What is the remainder when 14 is divided by y?
5
What is the remainder when 19 is divided by 1/1*(-1 + (10 - -1))?
9
Suppose 3*g - 337 = n + n, 5*g - 570 = 5*n. Suppose -61 - g = -5*j. Calculate the remainder when j is divided by 9.
7
Suppose -17*v + 14*v + 48 = 0. Calculate the remainder when 94/3 - 3/9 is divided by v.
15
What is the remainder when 3 + 20 + (0 - 0) is divided by 12?
11
Let m(r) = 16*r + 1. Let i(j) = 8*j + 1. Let k(s) = 7*i(s) - 3*m(s). Calculate the remainder when 38 is divided by k(2).
18
Let a be ((-29)/4)/(4/(-32)). Suppose -a = -4*u + 3*u. What is the remainder when u is divided by 15?
13
Let y be (-65)/(-10) - 2/(-4). Let m = -4 + y. Suppose -m*u = -n - 8*u + 30, 0 = 3*n + u - 20. Calculate the remainder when n is divided by 2.
1
Suppose 2*d = -3*i + 17, -2*i + 40 + 6 = 4*d. Suppose 7 + d = 5*j. What is the remainder when j is divided by 2?
0
Suppose 0 = -2*s + 5*w + 39, 4*s - 65 = -w - 2*w. Calculate the remainder when 81 is divided by s.
13
Suppose -5*p + p = -12. Let n(o) = o**p + 6*o + 4*o**2 - 8 + 5*o - 13*o**2. Calculate the remainder when 31 is divided by n(8).
15
Let i(g) = 2*g**2 - 2*g + 1. Let t be i(1). Suppose -2*w = 2*n - t - 41, 4*n + 16 = w. What is the remainder when 77 is divided by w?
17
Let a = 0 + 14. Suppose 0*v - 32 = -4*v. What is the remainder when a is divided by v?
6
Calculate the remainder when 253 is divided by ((-288)/45)/(1/(-6 + 1)).
29
Let z be 227/(-6) - 9/54. Calculate the remainder when 56 is divided by z*(5/2 + -3).
18
Let h(l) = -l + 18. What is the remainder when 27 is divided by h(0)?
9
Suppose -2*v + v = -15. Suppose -2*z = 4*j - 22, -4*z + 0*z = 5*j - 35. What is the remainder when v is divided by -2*j/(9/(-6))?
3
Suppose -a + o + 8 = 0, 3*a + 4*o = 10 + 28. What is the remainder when 37 is divided by a?
7
Suppose -5*a + 260 = -5*v, -7*v + 163 = 4*a - 2*v. Suppose -15 = s - a. What is the remainder when s is divided by 11?
10
Let a = 161 - 253. Let f = -48 - a. Calculate the remainder when f is divided by 15.
14
Suppose -3*s = 3*c - 146 - 13, 0 = 2*s + 5*c - 103. What is the remainder when s is divided by 20?
14
What is the remainder when (21/(-5))/(-1)*(-16 + 21) is divided by 11?
10
What is the remainder when 139 is divided by ((-3)/2)/(2/(-48))?
31
Let k(f) = 18*f - 4. Let c be k(6). Suppose 2*s = c - 30. What is the remainder when s is divided by 13?
11
Suppose 2*s = -3*s + 170. Calculate the remainder when s is divided by 18.
16
Suppose -3*i + r = -91, 18 = -4*i + 2*r + 138. What is the remainder when i is divided by 7?
3
Suppose d + 4*s = 21, s - 6*s = d - 22. Suppose -22 = -5*j + 23. Calculate the remainder when d is divided by j.
8
Calculate the remainder when 35 is divided by 1/(-4) + 205/20.
5
Let q(z) = z**2 + z - 28. Let o be q(0). Let n = o + 47. Suppose -5*t - f = -2 - 49, 12 = t + 2*f. What is the remainder when n is divided by t?
9
Suppose n = -4*o + 26, -2*o - 7 + 15 = 0. Let d be 0/(-2 + 1) + 20. Suppose 4*b + 4 = d. Calculate the remainder when n is divided by b.
2
Let l(m) = 5*m**3 + m**2 - 4*m + 3. What is the remainder when l(2) is divided by 7?
4
Let r = -67 + 102. What is the remainder when r is divided by 19?
16
Calculate the remainder when (-180)/(-2) - (10 + -7) is divided by 22.
21
Suppose -4*m + 15 = -9. What is the remainder when 57 is divided by m?
3
Let x = 83 - 57. What is the remainder when x is divided by 7?
5
Let x(n) = n**3 - 9*n**2 + 10*n - 6. Let t be x(8). Let d = t + -1. What is the remainder when d is divided by 5?
4
Let p = 38 + -20. Calculate the remainder when 88 is divided by p.
16
Suppose 5*i - 4 = i. Let h = i + 4. Let w(m) = -2*m - 7. Calculate the remainder when w(-8) is divided by h.
4
What is the remainder when 18 is divided by (-8)/10*75/(-6)?
8
What is the remainder when 8 + -11 - -9*29 is divided by 52?
50
Let h(s) = -31*s + 8. Calculate the remainder when h(-2) is divided by 24.
22
Let u(p) = -2*p**3 - 9*p**2 - 8*p - 5. What is the remainder when u(-6) is divided by 38?
37
Let h = -11 - -20. Let k(o) = -o**3 - o**2 + 2*o. Let t be k(4). Let b = -37 - t. What is the remainder when b is divided by h?
8
Let n = -10 + -2. Let j = n - -27. Calculate the remainder when 27 is divided by j.
12
Suppose -f + 160 = 3*f. Let h = -23 + f. Calculate the remainder when 9/(-15) + 1488/30 is divided by h.
15
Let g = 1 - 1. Suppose g = -5*k - 5*l - 10, k - 3*l = -8*l - 22. Suppose -y = k*y - 12. Calculate the remainder when 7 is divided by y.
1
Suppose 3*u + 180 = 3*j + 60, 0 = 4*u - 4. Calculate the remainder when j is divided by 21.
20
Suppose -3*z + 62 = -z + o, -2*z + 3*o + 54 = 0. Calculate the remainder when z is divided by 19.
11
What is the remainder when (-3)/(-2) - 618/(-12) is divided by 11?
9
Suppose -6*l + 202 = -506. Calculate the remainder when l is divided by 15.
13
Let b = 3 - 3. Suppose 0 = -b*i + 4*i. Suppose i = 3*l + 15, 5*m - l = -0*l + 15. What is the remainder when 7 is divided by m?
1
Let i be (3/2)/(5/(-10)). Suppose x - 1 = 1. What is the remainder when 1 - (-3 - (-2 - i)) is divided by x?
1
Suppose -2*d = 2*i - 74, -d - 5*i + 3*i + 32 = 0. Calculate the remainder when d is divided by 22.
20
Suppose 2 = i - 2. Suppose -5*s - 149 = 71. What is the remainder when (-8)/s - 64/(-11) is divided by i?
2
What is the remainder when (20/(-50))/(1/(-60)) is divided by 13?
11
Let n(f) = -f**3 + 8*f**2 - 6*f - 4. Calculate the remainder when 163 is divided by n(5).
40
Suppose -q = -3*q - 4*w, -5*q - 14 = -4*w. Calculate the remainder when 35 + q + 3 + -3 is divided by 18.
15
Suppose u - 33 = 16. What is the remainder when u is divided by 18?
13
What is the remainder when 56 is divided by 264/9 + 5/(-15)?
27
Let w(o) = -o**2 - 6*o - 2. Let p be w(-4). Let x = p - 5. What is the remainder when x is divided by 1?
0
Suppose 5*i + 5*q = 9 + 11, -q + 7 = 4*i. Let b = 23 + i. Calculate the remainder when 548/12 - (-1)/3 is divided by b.
22
Let b(n) = 2*n**2 - 5*n - 1. Let h be b(-4). Let g = h + -31. What is the remainder when g is divided by 7?
6
Let y(n) = -2*n**2 - 21*n + 2. Calculate the remainder when y(-9) is divided by 5.
4
Let k(s) = -s**3 + 11*s**2 + 5*s - 3. Let a be k(5). Suppose a = -0*w + 4*w. Calculate the remainder when w is divided by 15.
13
Suppose 7 = 3*a - 8. Suppose 18 - 68 = -4*m - 2*o, -o = -a. Calculate the remainder when 32 is divided by 4/m + (-212)/(-20).
10
Suppose -3*j = 4*u, 1 = -u - 2*j - 4. Let a = -40 + 75. Calculate the remainder when a is divided by ((-9)/u - 6)/(-1).
8
Let n = 34 - 25. Calculate the remainder when n is divided by (-10)/(-15)*(2 - -4).
1
Let w(k) = -3*k**3 - 3*k**2 - k + 1. What is the remainder when 43 is divided by w